13, 19, 179, 1889
What are the prime factors of 36884790?
2, 3, 5, 409831
What are the prime factors of 159930919?
159930919
What are the prime factors of 65274747?
3, 17, 19, 31, 41, 53
What are the prime factors of 543945494?
2, 79, 3442693
List the prime factors of 57266410.
2, 5, 337, 16993
List the prime factors of 668882030.
2, 5, 113, 193, 3067
What are the prime factors of 2473215103?
673, 3674911
What are the prime factors of 347940664?
2, 1493, 29131
List the prime factors of 196974996.
2, 3, 467, 35149
What are the prime factors of 407916640?
2, 5, 2549479
List the prime factors of 673534600.
2, 5, 53, 63541
List the prime factors of 5706810626.
2, 11, 19, 67, 203771
List the prime factors of 80122515.
3, 5, 11, 149, 3259
List the prime factors of 6182966000.
2, 5, 3091483
What are the prime factors of 1208875884?
2, 3, 100739657
List the prime factors of 163498643.
7, 11, 303337
List the prime factors of 276099014.
2, 239, 577613
List the prime factors of 70510809.
3, 151, 155653
List the prime factors of 598109333.
598109333
What are the prime factors of 95478893?
619, 154247
List the prime factors of 3269588.
2, 7, 23, 5077
What are the prime factors of 335644664?
2, 523, 80221
List the prime factors of 184093319.
184093319
What are the prime factors of 487270802?
2, 243635401
What are the prime factors of 2218576022?
2, 13, 85329847
List the prime factors of 71908065.
3, 5, 19, 31, 2713
List the prime factors of 5364602818.
2, 2682301409
What are the prime factors of 28827686?
2, 14413843
What are the prime factors of 2269100720?
2, 5, 41, 691799
List the prime factors of 567431117.
11, 17, 73, 197, 211
What are the prime factors of 51578423?
13, 3967571
What are the prime factors of 87153104?
2, 5447069
What are the prime factors of 8159903?
541, 15083
What are the prime factors of 68281180?
2, 5, 11, 17, 18257
List the prime factors of 1812842.
2, 906421
What are the prime factors of 45775373?
7, 17, 199, 1933
List the prime factors of 103580063.
23, 41, 109841
List the prime factors of 1699550771.
29, 58605199
What are the prime factors of 1801542644?
2, 11, 40944151
List the prime factors of 23985064.
2, 2998133
What are the prime factors of 113780648?
2, 14222581
What are the prime factors of 2621284?
2, 47, 73, 191
List the prime factors of 80682408.
2, 3, 17, 29, 2273
What are the prime factors of 154413452?
2, 2017, 19139
What are the prime factors of 254856444?
2, 3, 37, 541, 1061
List the prime factors of 250072319.
7, 19, 31, 131, 463
What are the prime factors of 3321360?
2, 3, 5, 7, 659
List the prime factors of 28042027.
13, 17, 223, 569
List the prime factors of 1097113096.
2, 41, 479, 6983
What are the prime factors of 111875202?
2, 3, 83, 109, 229
What are the prime factors of 17562379?
17562379
List the prime factors of 12047292.
2, 3, 19, 103
What are the prime factors of 40908606?
2, 3, 37, 184273
List the prime factors of 4309580841.
3, 239, 6010573
List the prime factors of 110171566.
2, 7129, 7727
List the prime factors of 6564483.
3, 81043
List the prime factors of 21483221.
41, 113, 4637
List the prime factors of 26161765.
5, 7, 19, 39341
What are the prime factors of 26797443?
3, 8932481
What are the prime factors of 469371654?
2, 3, 26076203
List the prime factors of 230528612.
2, 197, 292549
List the prime factors of 50622731.
50622731
What are the prime factors of 5907386?
2, 947, 3119
List the prime factors of 16108278.
2, 3, 521, 5153
List the prime factors of 1631113964.
2, 407778491
List the prime factors of 55360404.
2, 3, 11, 71, 179
What are the prime factors of 83374278?
2, 3, 13, 1068901
What are the prime factors of 241354830?
2, 3, 5, 1741, 4621
List the prime factors of 40520878.
2, 43, 471173
What are the prime factors of 1987919952?
2, 3, 1511, 27409
What are the prime factors of 35645855?
5, 7, 17, 139, 431
What are the prime factors of 607484012?
2, 733, 207191
List the prime factors of 781570288.
2, 857, 56999
What are the prime factors of 1963147077?
3, 79, 127, 7247
What are the prime factors of 328243369?
137, 163, 14699
List the prime factors of 63821703.
3, 11, 19, 101789
What are the prime factors of 526287868?
2, 31, 719, 5903
What are the prime factors of 9427719?
3, 7, 448939
List the prime factors of 103715384.
2, 12964423
List the prime factors of 1998271352.
2, 7, 11, 239, 277
List the prime factors of 642169815.
3, 5, 7, 17, 229, 1571
What are the prime factors of 283739002?
2, 8111, 17491
What are the prime factors of 3311164335?
3, 5, 47, 4696687
List the prime factors of 120299385.
3, 5, 8019959
List the prime factors of 114758611.
11, 1637, 6373
What are the prime factors of 275828280?
2, 3, 5, 7, 13, 29, 67
What are the prime factors of 48939152?
2, 3058697
List the prime factors of 449070811.
7, 71, 903563
List the prime factors of 272878687.
197, 1385171
List the prime factors of 511687321.
547, 935443
What are the prime factors of 1231377472?
2, 13, 1480021
What are the prime factors of 1103477984?
2, 7, 31, 367, 433
What are the prime factors of 2630275191?
3, 73, 151, 26513
List the prime factors of 191484442.
2, 53, 109, 16573
List the prime factors of 299305630.
2, 5, 13, 607, 3793
List the prime factors of 550053848.
2, 68756731
List the prime factors of 5818819691.
31, 797, 235513
List the prime factors of 1167484320.
2, 3, 5, 29, 9319
What are the prime factors of 318072947?
449, 708403
List the prime factors of 1950113544.
2, 3, 467, 173993
List the prime factors of 8256487780.
2, 5, 1321, 312509
What are the prime factors of 135800106?
2, 3, 13, 19, 43, 2131
List the prime factors of 549235347.
3, 193, 948593
What are the prime factors of 222729863?
373, 597131
What are the prime factors of 47513216?
2, 23, 16139
List the prime factors of 7414807045.
5, 23, 64476583
What are the prime factors of 14129359?
857, 16487
What are the prime factors of 92336431?
11, 763111
What are the prime factors of 5472375531?
3, 7, 17, 15328783
List the prime factors of 65774933.
7, 107, 137, 641
What are the prime factors of 98365197?
3, 7, 109, 877
List the prime factors of 3655947429.
3, 89, 443, 10303
List the prime factors of 46307266.
2, 53, 307, 1423
List the prime factors of 336476389.
239, 1407851
What are the prime factors of 1222088688?
2, 3, 37, 101, 757
List the prime factors of 40659781.
37, 97, 11329
What are the prime factors of 50994795?
3, 5, 23, 147811
List the prime factors of 1908426688.
2, 7, 43, 157, 631
What are the prime factors of 1608629528?
2, 11, 19, 962099
List the prime factors of 4137293716.
2, 1034323429
List the prime factors of 34509523.
34509523
List the prime factors of 4766362779.
3, 28649, 55457
List the prime factors of 1779978751.
1779978751
What are the prime factors of 131164398?
2, 3, 179, 40709
What are the prime factors of 56402670?
2, 3, 5, 23, 43, 1901
List the prime factors of 101551533.
3, 29, 179, 6521
List the prime factors of 76885131.
3, 25628377
What are the prime factors of 3892070880?
2, 3, 5, 79, 34213
List the prime factors of 22911471.
3, 11, 7013
List the prime factors of 4819266768.
2, 3, 100401391
List the prime factors of 747552080.
2, 5, 11, 547, 1553
List the prime factors of 1826302955.
5, 365260591
What are the prime factors of 390619143?
3, 23, 1887049
What are the prime factors of 1966447837?
953, 2063429
What are the prime factors of 244042890?
2, 3, 5, 7, 13, 89393
List the prime factors of 1559944486.
2, 779972243
What are the prime factors of 187904004?
2, 3, 15658667
What are the prime factors of 3661230530?
2, 5, 587, 623719
List the prime factors of 37030221.
3, 19, 216551
List the prime factors of 903270833.
2719, 332207
List the prime factors of 429451428.
2, 3, 7, 5112517
List the prime factors of 610312552.
2, 41, 1860709
List the prime factors of 4151558320.
2, 5, 7, 13, 41, 1987
List the prime factors of 170440238.
2, 223, 401, 953
List the prime factors of 2484298299.
3, 7, 7243, 16333
List the prime factors of 7369320548.
2, 17, 108372361
What are the prime factors of 90459878?
2, 4373, 10343
What are the prime factors of 38709079?
38709079
List the prime factors of 679029128.
2, 4297, 19753
What are the prime factors of 155506849?
19, 8184571
List the prime factors of 3195724257.
3, 